{"id":1913,"date":"2023-12-13T19:02:50","date_gmt":"2023-12-13T18:02:50","guid":{"rendered":"https:\/\/abeille34.org\/?page_id=1913"},"modified":"2023-12-18T00:14:28","modified_gmt":"2023-12-17T23:14:28","slug":"fetes-du-miel","status":"publish","type":"page","link":"https:\/\/abeille34.org\/index.php\/fetes-du-miel\/","title":{"rendered":"F\u00eates du miel"},"content":{"rendered":"\n<p>Nous coorganisons 3 f\u00eates du miel dans l&rsquo;H\u00e9rault.<\/p>\n\n\n\n<figure class=\"wp-block-image size-large\"><img loading=\"lazy\" decoding=\"async\" width=\"1024\" height=\"610\" src=\"https:\/\/abeille34.org\/wp-content\/uploads\/2023\/12\/DSD_4389-1024x610.jpg\" alt=\"\" class=\"wp-image-1944\" srcset=\"https:\/\/abeille34.org\/wp-content\/uploads\/2023\/12\/DSD_4389-1024x610.jpg 1024w, https:\/\/abeille34.org\/wp-content\/uploads\/2023\/12\/DSD_4389-scaled-600x358.jpg 600w, https:\/\/abeille34.org\/wp-content\/uploads\/2023\/12\/DSD_4389-300x179.jpg 300w, https:\/\/abeille34.org\/wp-content\/uploads\/2023\/12\/DSD_4389-768x458.jpg 768w, https:\/\/abeille34.org\/wp-content\/uploads\/2023\/12\/DSD_4389-1536x916.jpg 1536w, https:\/\/abeille34.org\/wp-content\/uploads\/2023\/12\/DSD_4389-2048x1221.jpg 2048w\" sizes=\"auto, (max-width: 1024px) 100vw, 1024px\" \/><\/figure>\n\n\n\n<p>Notre partenaire historique est la m\u00e9tropole de Montpellier pour la f\u00eate du miel de Cournonsec, qui se d\u00e9roule le 3\u00e8me dimanche d&rsquo;octobre.<\/p>\n\n\n\n<p>La commune S\u00e9rignan ouvre les festivit\u00e9s en nocturne \u00e0 la fin de l&rsquo;\u00e9t\u00e9.<\/p>\n\n\n\n<p>La commune de B\u00e9ziers organise \u00e9galement une f\u00eate du miel \u00e0 la fin du mois de septembre.<\/p>\n\n\n\n<p>Lors de ces \u00e9v\u00e8nements, nos adh\u00e9rents ayant plus de 50 ruches pr\u00e9sentent le fruit de leur travail et rencontrent le grand public autour d&rsquo;animation vari\u00e9es telles que : extraction de miel, conf\u00e9rences, exposition, visite comment\u00e9e de ruche, atelier de d\u00e9gustation, confection de bougies ou de cosm\u00e9tiques et d&rsquo;autres encore&#8230;<\/p>\n\n\n\n<p>Partager notre savoir faire et nos produits de la ruche avec nos clients de proximit\u00e9 est un moment important pour l&rsquo;animation de nos territoires.<\/p>\n\n\n\n<p>L&rsquo;H\u00e9rault offre une grande vari\u00e9t\u00e9 de climats, de sols, de flores et les miels qui y sont produits refl\u00e8tent la diversit\u00e9 de ces paysages.<\/p>\n\n\n\n<figure class=\"wp-block-image size-large is-resized\"><img loading=\"lazy\" decoding=\"async\" width=\"1024\" height=\"576\" src=\"https:\/\/abeille34.org\/wp-content\/uploads\/2023\/12\/20171022_171245-min-1024x576.jpg\" alt=\"\" class=\"wp-image-1942\" style=\"width:583px;height:auto\" srcset=\"https:\/\/abeille34.org\/wp-content\/uploads\/2023\/12\/20171022_171245-min-1024x576.jpg 1024w, https:\/\/abeille34.org\/wp-content\/uploads\/2023\/12\/20171022_171245-min-scaled-600x338.jpg 600w, https:\/\/abeille34.org\/wp-content\/uploads\/2023\/12\/20171022_171245-min-300x169.jpg 300w, https:\/\/abeille34.org\/wp-content\/uploads\/2023\/12\/20171022_171245-min-768x432.jpg 768w, https:\/\/abeille34.org\/wp-content\/uploads\/2023\/12\/20171022_171245-min-1536x864.jpg 1536w, https:\/\/abeille34.org\/wp-content\/uploads\/2023\/12\/20171022_171245-min-2048x1152.jpg 2048w\" sizes=\"auto, (max-width: 1024px) 100vw, 1024px\" \/><\/figure>\n","protected":false},"excerpt":{"rendered":"<p>Nous coorganisons 3 f\u00eates du miel dans l&rsquo;H\u00e9rault. Notre partenaire historique est la m\u00e9tropole de Montpellier pour la f\u00eate du miel de Cournonsec, qui se d\u00e9roule le 3\u00e8me dimanche d&rsquo;octobre. La commune S\u00e9rignan ouvre les festivit\u00e9s en nocturne \u00e0 la <a class=\"more-link\" href=\"https:\/\/abeille34.org\/index.php\/fetes-du-miel\/\">Continuer la lecture <span class=\"screen-reader-text\">  F\u00eates du miel<\/span><span class=\"meta-nav\">&rarr;<\/span><\/a><\/p>\n","protected":false},"author":1,"featured_media":0,"parent":0,"menu_order":0,"comment_status":"closed","ping_status":"closed","template":"","meta":{"_acf_changed":false,"footnotes":""},"class_list":["post-1913","page","type-page","status-publish","hentry"],"acf":[],"_links":{"self":[{"href":"https:\/\/abeille34.org\/index.php\/wp-json\/wp\/v2\/pages\/1913","targetHints":{"allow":["GET"]}}],"collection":[{"href":"https:\/\/abeille34.org\/index.php\/wp-json\/wp\/v2\/pages"}],"about":[{"href":"https:\/\/abeille34.org\/index.php\/wp-json\/wp\/v2\/types\/page"}],"author":[{"embeddable":true,"href":"https:\/\/abeille34.org\/index.php\/wp-json\/wp\/v2\/users\/1"}],"replies":[{"embeddable":true,"href":"https:\/\/abeille34.org\/index.php\/wp-json\/wp\/v2\/comments?post=1913"}],"version-history":[{"count":2,"href":"https:\/\/abeille34.org\/index.php\/wp-json\/wp\/v2\/pages\/1913\/revisions"}],"predecessor-version":[{"id":1945,"href":"https:\/\/abeille34.org\/index.php\/wp-json\/wp\/v2\/pages\/1913\/revisions\/1945"}],"wp:attachment":[{"href":"https:\/\/abeille34.org\/index.php\/wp-json\/wp\/v2\/media?parent=1913"}],"curies":[{"name":"wp","href":"https:\/\/api.w.org\/{rel}","templated":true}]}}