{"id":2555,"date":"2025-03-11T23:15:35","date_gmt":"2025-03-11T22:15:35","guid":{"rendered":"https:\/\/abeille34.org\/?page_id=2555"},"modified":"2025-03-11T23:15:35","modified_gmt":"2025-03-11T22:15:35","slug":"declaration-de-ruches","status":"publish","type":"page","link":"https:\/\/abeille34.org\/index.php\/declaration-de-ruches\/","title":{"rendered":"D\u00e9claration de ruches"},"content":{"rendered":"\n<p><strong>PROCEDURE DE DECLARATION DES RUCHES<\/strong><\/p>\n\n\n\n<p>Tout apiculteur est tenu de d\u00e9clarer chaque ann\u00e9e les colonies d\u2019abeilles dont il est propri\u00e9taire ou d\u00e9tenteur, en pr\u00e9cisant notamment leur nombre et leurs emplacements. Toute colonie doit \u00eatre d\u00e9clar\u00e9e, quelle que soit sa taille (en ruches, ruchettes, ruchettes de f\u00e9condation\/nuclei). Cette d\u00e9claration concourt \u00e0 une meilleure connaissance du cheptel fran\u00e7ais et participe \u00e0 la gestion sanitaire du cheptel apicole fran\u00e7ais, notamment face \u00e0 la menace que repr\u00e9sente le parasite Aethina tumida. Elle permet \u00e9galement d\u2019obtenir des aides europ\u00e9ennes dans le cadre du Plan apicole europ\u00e9en qui soutient la r\u00e9alisation d\u2019actions en faveur de la fili\u00e8re apicole fran\u00e7aise.<\/p>\n\n\n\n<p><strong>POUR QUI<\/strong><\/p>\n\n\n\n<p>Les particuliers, les groupements, les associations, les entreprises, propri\u00e9taires ou d\u00e9tenteurs de ruche, \u00e0 des fins de loisir ou \u00e0 des fins professionnelles, pour la production de miel, d\u2019essaims, de reines et d\u2019autres produits de la ruche. La d\u00e9claration est obligatoire d\u00e8s la premi\u00e8re colonie d\u00e9tenue.<\/p>\n\n\n\n<p><strong>QUAND<\/strong><\/p>\n\n\n\n<p>Tous les apiculteurs doivent r\u00e9aliser la d\u00e9claration annuelle obligatoire des ruches entre le <strong>1er septembre et le 31 d\u00e9cembre.<\/strong><\/p>\n\n\n\n<p>Cas particulier<\/p>\n\n\n\n<ul class=\"wp-block-list\">\n<li>Les nouveaux apiculteurs doivent r\u00e9aliser une d\u00e9claration de ruches d\u00e8s l\u2019installation de la premi\u00e8re colonie. Si cette premi\u00e8re d\u00e9claration est r\u00e9alis\u00e9e en dehors de la p\u00e9riode obligatoire (entre le 1er janvier et le 31 ao\u00fbt), il sera n\u00e9cessaire de renouveler la d\u00e9claration en p\u00e9riode obligatoire (entre le 1er septembre et le 31 d\u00e9cembre). La r\u00e9alisation de cette d\u00e9marche permet l\u2019obtention d\u2019un num\u00e9ro d\u2019apiculteur \u00ab\u00a0 NAPI\u00a0 \u00bb (cf. Proc\u00e9dure destin\u00e9e aux nouveaux apiculteurs ci-dessous).<\/li>\n\n\n\n<li>Les apiculteurs qui ont besoin d\u2019un r\u00e9c\u00e9piss\u00e9 de d\u00e9claration actualis\u00e9 pour leurs d\u00e9marches peuvent renouveler une ou plusieurs fois leur d\u00e9claration hors p\u00e9riode obligatoire (du 1er janvier au 31 ao\u00fbt). Ces apiculteurs sont tout de m\u00eame tenus de r\u00e9aliser une d\u00e9claration de ruches en p\u00e9riode obligatoire (du 1er septembre au 31 d\u00e9cembre).<\/li>\n<\/ul>\n\n\n\n<p><strong>COMMENT<\/strong><\/p>\n\n\n\n<p>La d\u00e9claration de ruches est \u00e0 r\u00e9aliser en ligne. Cette nouvelle proc\u00e9dure simplifi\u00e9e (remplace T\u00e9l\u00e9rucher)&nbsp; permet l\u2019obtention d\u2019un r\u00e9c\u00e9piss\u00e9 de fa\u00e7on imm\u00e9diate. Elle se fait directement sans login ni mot de passe. Cette proc\u00e9dure permet \u00e9galement aux nouveaux apiculteurs d\u2019obtenir leur <strong>num\u00e9ro d\u2019apiculteur (NAPI) de fa\u00e7on imm\u00e9diate.<\/strong><\/p>\n\n\n\n<p>Les apiculteurs ne disposant pas d\u2019acc\u00e8s \u00e0 internet peuvent toujours r\u00e9aliser une d\u00e9claration de ruches avec le formulaire Cerfa 13995*04. Le d\u00e9lai d\u2019obtention d\u2019un r\u00e9c\u00e9piss\u00e9 de d\u00e9claration de ruches est d\u2019environ 2 mois \u00e0 compter de la r\u00e9ception du formulaire par l\u2019administration. Les d\u00e9clarations r\u00e9alis\u00e9es sur papier libre ou sur des anciennes versions du formulaire, portant un num\u00e9ro de Cerfa diff\u00e9rent, ne sont pas recevables.<\/p>\n\n\n\n<p><strong>PROCEDURE<\/strong><\/p>\n\n\n\n<ul class=\"wp-block-list\">\n<li>D\u00e9marche en ligne (<strong><a href=\"http:\/\/mesdemarches.agriculture.gouv.fr\/demarches\/exploitation-agricole\/obtenir-un-droit-une-autorisation\/article\/declarer-des-ruches-294?id_rubrique=11\">D\u00e9claration de ruches)<\/a><\/strong><\/li>\n<\/ul>\n\n\n\n<p>La d\u00e9marche en ligne est \u00e0 privil\u00e9gier.<\/p>\n\n\n\n<p>En renseignant en ligne le formulaire \u00e9lectronique de d\u00e9claration de d\u00e9tention et d\u2019emplacement de ruches &#8211; Cerfa 13995*04<\/p>\n\n\n\n<p>Le r\u00e9c\u00e9piss\u00e9 de la d\u00e9marche envoy\u00e9 \u00e0 l\u2019issue de la proc\u00e9dure \u00e0 l\u2019adresse mail fournie peut \u00eatre pr\u00e9sent\u00e9 comme <strong>justificatif de d\u00e9tention de ruches et d\u2019emplacements de ruchers.<\/strong><\/p>\n\n\n\n<ul class=\"wp-block-list\">\n<li>D\u00e9marche par voie postale<\/li>\n<\/ul>\n\n\n\n<p>Imprimer, renseigner, dater et signer le formulaire CERFA 13995 de d\u00e9claration de d\u00e9tention et d\u2019emplacement de ruches format PDF -,<\/p>\n\n\n\n<p>L\u2019envoyer par courrier \u00e0 la DGAL-D\u00e9claration de ruches, 251 rue de Vaugirard, 75732 Paris cedex 15.<\/p>\n\n\n\n<p>Pour les nouveaux apiculteurs :<\/p>\n\n\n\n<p><strong>Proc\u00e9dure:<\/strong><\/p>\n\n\n\n<p>La d\u00e9claration est \u00e0 r\u00e9aliser au moment de l\u2019installation des ruches.<\/p>\n\n\n\n<ul class=\"wp-block-list\">\n<li>Si le projet pr\u00e9voit la vente de produits de la ruche ou la session de produits de la ruche hors cadre familial, il est n\u00e9cessaire d\u2019obtenir aupr\u00e8s du centre de formalit\u00e9 des entreprises de la chambre d\u2019agriculture du d\u00e9partement, un num\u00e9ro SIREN\/SIRET. Ce num\u00e9ro sera n\u00e9cessaire pour r\u00e9aliser votre premi\u00e8re d\u00e9claration.<\/li>\n\n\n\n<li>Si les produits de la ruche sont destin\u00e9s \u00e0 la consommation familiale, faites directement votre premi\u00e8re d\u00e9claration. Le num\u00e9ro NUMAGRIN\/NUMAGRIT n\u2019est plus demand\u00e9<\/li>\n<\/ul>\n\n\n\n<h3 class=\"wp-block-heading\">R\u00e9aliser sa premi\u00e8re d\u00e9claration<\/h3>\n\n\n\n<ul class=\"wp-block-list\">\n<li><strong>D\u00e9marche en ligne (<a href=\"http:\/\/mesdemarches.agriculture.gouv.fr\/demarches\/exploitation-agricole\/obtenir-un-droit-une-autorisation\/article\/declarer-des-ruches-294?id_rubrique=11\">D\u00e9claration de ruches)<\/a><\/strong><\/li>\n<\/ul>\n\n\n\n<p>La d\u00e9marche en ligne est \u00e0 privil\u00e9gier.<\/p>\n\n\n\n<p>En renseignant en ligne le formulaire \u00e9lectronique de d\u00e9claration de d\u00e9tention et d\u2019emplacement de ruches &#8211; Cerfa 13995*04<\/p>\n\n\n\n<p>Le r\u00e9c\u00e9piss\u00e9 de la d\u00e9marche envoy\u00e9 de fa\u00e7on imm\u00e9diate \u00e0 l\u2019issue de la proc\u00e9dure \u00e0 l\u2019adresse mail fournie peut \u00eatre pr\u00e9sent\u00e9 comme justificatif de d\u00e9tention de ruches et d\u2019emplacements de ruchers. Il comporte le num\u00e9ro d\u2019apiculteur (NAPI) attribu\u00e9, qui doit \u00eatre report\u00e9 sur un panneau \u00e0 proximit\u00e9 du (des) rucher(s) ou sur au moins 10 % des ruches, est \u00e9galement communiqu\u00e9 de fa\u00e7on imm\u00e9diate \u00e0 l\u2019adresse mail fournie.<\/p>\n\n\n\n<ul class=\"wp-block-list\">\n<li><strong>D\u00e9marche par voie postale<\/strong><\/li>\n<\/ul>\n\n\n\n<p>Imprimer, renseigner, dater et signer le formulaire CERFA 13995 de d\u00e9claration de d\u00e9tention et d\u2019emplacement de ruches (format PDF )<\/p>\n\n\n\n<p>L\u2019envoyer par courrier \u00e0 la DGAL-D\u00e9claration de ruches, 251 rue de Vaugirard, 75732 Paris cedex 15.<\/p>\n\n\n\n<p>Un r\u00e9c\u00e9piss\u00e9 de d\u00e9claration vous sera envoy\u00e9 par courrier ou par mail si vous avez indiqu\u00e9 une adresse mail sur votre d\u00e9claration, avec votre NAPI dans un d\u00e9lai de 60 jours environ.<\/p>\n\n\n\n<p><strong>&nbsp;D\u00e9claration annuelle de d\u00e9tention et d&#8217;emplacement de rucher(s)<\/strong><\/p>\n\n\n\n<p>Cette d\u00e9claration est un <strong>document officiel<\/strong> qui est demand\u00e9 lors de la constitution de dossiers d&rsquo;aides ou subventions pour l&rsquo;exploitation, ou lors de sinistres, par les compagnies d&rsquo;assurances.<\/p>\n\n\n\n<p>Elle est \u00e0 &nbsp;faire figurer dans le registre d\u2019\u00e9levage.<\/p>\n\n\n\n<p>Pour acc\u00e9der \u00e0 la t\u00e9l\u00e9 proc\u00e9dure, il suffit d&rsquo;ouvrir le navigateur et de saisir l&rsquo;adresse suivante :<\/p>\n\n\n\n<h2 class=\"wp-block-heading\"><a href=\"http:\/\/mesdemarches.agriculture.gouv.fr\/demarches\/exploitation-agricole\/obtenir-un-droit-une-autorisation\/article\/declarer-des-ruches-294?id_rubrique=11\">D\u00e9claration de ruches<\/a><\/h2>\n","protected":false},"excerpt":{"rendered":"<p>PROCEDURE DE DECLARATION DES RUCHES Tout apiculteur est tenu de d\u00e9clarer chaque ann\u00e9e les colonies d\u2019abeilles dont il est propri\u00e9taire ou d\u00e9tenteur, en pr\u00e9cisant notamment leur nombre et leurs emplacements. Toute colonie doit \u00eatre d\u00e9clar\u00e9e, quelle que soit sa taille <a class=\"more-link\" href=\"https:\/\/abeille34.org\/index.php\/declaration-de-ruches\/\">Continuer la lecture <span class=\"screen-reader-text\">  D\u00e9claration de ruches<\/span><span class=\"meta-nav\">&rarr;<\/span><\/a><\/p>\n","protected":false},"author":4,"featured_media":0,"parent":0,"menu_order":0,"comment_status":"closed","ping_status":"closed","template":"","meta":{"_acf_changed":false,"footnotes":""},"class_list":["post-2555","page","type-page","status-publish","hentry"],"acf":[],"_links":{"self":[{"href":"https:\/\/abeille34.org\/index.php\/wp-json\/wp\/v2\/pages\/2555","targetHints":{"allow":["GET"]}}],"collection":[{"href":"https:\/\/abeille34.org\/index.php\/wp-json\/wp\/v2\/pages"}],"about":[{"href":"https:\/\/abeille34.org\/index.php\/wp-json\/wp\/v2\/types\/page"}],"author":[{"embeddable":true,"href":"https:\/\/abeille34.org\/index.php\/wp-json\/wp\/v2\/users\/4"}],"replies":[{"embeddable":true,"href":"https:\/\/abeille34.org\/index.php\/wp-json\/wp\/v2\/comments?post=2555"}],"version-history":[{"count":1,"href":"https:\/\/abeille34.org\/index.php\/wp-json\/wp\/v2\/pages\/2555\/revisions"}],"predecessor-version":[{"id":2556,"href":"https:\/\/abeille34.org\/index.php\/wp-json\/wp\/v2\/pages\/2555\/revisions\/2556"}],"wp:attachment":[{"href":"https:\/\/abeille34.org\/index.php\/wp-json\/wp\/v2\/media?parent=2555"}],"curies":[{"name":"wp","href":"https:\/\/api.w.org\/{rel}","templated":true}]}}